= 3*x + 22. Let w(z) = z + 11. Let a(i) = -2*u(i) + 5*w(i). Determine a(0).
11
Let x(l) = 250*l + 2*l**2 + 2 - 252*l - 3*l**2. Determine x(-3).
-1
Let p = -91 + 97. Let x(g) = -3*g - 3. Calculate x(p).
-21
Let l(n) = -7*n - 3 + 0*n**2 + 0*n**2 + 3*n**2 - 4*n**2. Calculate l(-6).
3
Let b(g) = -5*g**3 + 2*g + 1. Let m be b(-1). Let p be (9/3)/(3/m). Let l(z) = -z**2 + 1 + 0*z - z + 4*z. Give l(p).
-3
Let q(h) = h**3 + 4*h**2 - 5*h - 6. Suppose 4*i = 5*t + 25, -3*t - 3*i - 6 = 9. Calculate q(t).
-6
Let g(k) = 5*k - 1. Let x(n) = -4*n + 2. Let v(q) = 3*g(q) + 4*x(q). Give v(7).
-2
Let c = -3 + 3. Suppose -v = -c - 2. Let p(m) = 4*m - 1. Determine p(v).
7
Let b(v) = -v**2 + 3*v + 2. Let a(m) = -m**2 + 9*m - 3. Suppose -4*d = 4*u - 32, 3*u + 7 + 5 = d. Let i be a(d). Let k = 1 - i. Give b(k).
-2
Let x(o) = o**2 + 5*o. Let q(f) = f**2 + 4*f - 2. Let s(t) = -t - 8. Let m be s(-5). Let u be q(m). Give x(u).
0
Let u = 19 - 23. Let d(m) = -2*m**2 - 4*m + 3. What is d(u)?
-13
Let b(i) = 4*i - 3*i + 8*i**3 - 4*i**3. Let u be (-8 - -2)/(4/2). Let q = u + 2. Give b(q).
-5
Let u be 33/9 - 4/6. Let n(j) = j**2 - j - 3. Calculate n(u).
3
Let n(a) = -a**2 + 11*a + 2. Suppose u - i + 2*i - 13 = 0, -5*i + 10 = 0. What is n(u)?
2
Let f(q) = 5*q**2 - 2*q**3 + 2 - 7*q + 4 + 3*q**3 - 5. Suppose s = 2*x - 0 - 10, 0 = -5*s - x - 28. Determine f(s).
7
Let q(c) = -8 + 4 + 4*c - 2*c + c. Let z = 9 + -5. Calculate q(z).
8
Let o(d) = d**2 + 4*d - 3. Let u(a) = a**3 - 8*a**2 - 8*a - 13. Let n be u(9). Calculate o(n).
-3
Let b be (-1 - 12/(-8))*6. Let p be (-6)/b*(-5)/(-2). Let q(c) be the first derivative of -c**3/3 - 3*c**2 + c + 1. Determine q(p).
6
Let x(n) = -n**2 - 5*n - 3. Let b be x(-3). Let r(t) = 5*t + 4. What is r(b)?
19
Let v be 12/20*5*(-2 - -1). Let t(p) = -2*p**3 - 5*p**2 - 3*p - 4. Determine t(v).
14
Let n(x) = -4*x**3 - 4*x**2 + 9*x - 3. Let a(j) = 11*j**3 + 12*j**2 - 26*j + 9. Let o(p) = 3*a(p) + 8*n(p). Let z(g) = -g - 1. Let w be z(4). Determine o(w).
8
Let n be -1*(-1 - (-1 - 1)). Let a(h) = -13*h**3 - h**2. Determine a(n).
12
Let a(h) = -h**3 + 25*h**2 - 21*h - 70. Let z be a(24). Let g(b) = 2*b**3 + 3*b**2 - b - 2. Give g(z).
24
Let z(n) = -n**2 - 2*n - 4. Let p be (-1 + -1)/(24/36). What is z(p)?
-7
Let c = 12 + -14. Let u be 1*(-1 + -1) - -4. Let o = c - u. Let f(a) = a**3 + 3*a**2 - 5*a - 5. Determine f(o).
-1
Let w(t) be the second derivative of t**3 + 4*t - 2. Let f = -5 - -8. Suppose -h = 2*h + f. Calculate w(h).
-6
Let j(h) = h + 11. Let x be j(-9). Let b be x - 1/3*0. Let n(k) = k**3 - b*k**2 + 5 - 5*k + 5*k**2 - 1 - 2. Give n(-4).
6
Let i(r) = 7*r + 18. Let y(a) = 20*a + 53. Let t(c) = 17*i(c) - 6*y(c). Give t(-7).
-5
Let t = 11 + -18. Let j be 2/t - (-120)/(-21). Let w(o) = o**2 + 3*o - 3. What is w(j)?
15
Let m be 0 + -1 + -1*(3 + -10). Let l(b) = b**2 - 9*b + 7. Determine l(m).
-11
Let u(y) = y**2 + 6*y - 2. Let o = 13 - 20. Determine u(o).
5
Let i be 3 - (-1 + -1)/(-2). Let a(v) = -v**3 - 1 + 5 + i*v - v**2 - 3. Calculate a(-2).
1
Let w = 15 + -12. Let l(h) = 1 + 2*h - w*h**2 - 11 + 8 + h**2. Calculate l(2).
-6
Suppose 12 = 2*h - 0*h + c, 2*h = -5*c + 12. Let m(u) = -u**3 + 7*u**2 - 6*u + 4. Give m(h).
4
Let p(f) = -3*f**3 + 2*f**3 - 1 - 6*f**2 - 3*f + 5*f + 7. Calculate p(-6).
-6
Let o be ((-3)/6)/(3/(-18)). Let a be (12/o)/(-2) - -1. Let p be (0/(2/a))/1. Let h(w) = w - 1. Determine h(p).
-1
Let f(j) = -8*j**2 - 8*j - 7. Let t(n) = -7*n**2 - 7*n - 6. Let l(q) = 6*f(q) - 7*t(q). Determine l(-1).
0
Suppose -4*q + 0*q = 0. Let c(z) be the third derivative of z**4/24 - z**3/2 + 6*z**2. What is c(q)?
-3
Let h(u) = 20*u**2 - u + 15. Let v(m) = 7*m**2 + 5. Let k(i) = -6*h(i) + 17*v(i). Let g(c) = c + 23. Let p be g(-17). Calculate k(p).
-5
Let o(w) = -w**3 - 4*w**2 + 6*w + 1. Suppose -37 = -3*q + 4*j, 0 = 5*q - 5*j - 0*j - 65. Suppose 7*b - 4*b = q. Suppose 3*c = 4*c + b. Determine o(c).
-4
Let o(a) be the third derivative of 2*a**3 + 2*a**2 - 1/24*a**4 + 0*a + 0. Determine o(0).
12
Let s(p) = 2*p**3 - 21*p**2 + 15*p - 19. Let i(x) = -x**3 + 10*x**2 - 7*x + 9. Let l(y) = 13*i(y) + 6*s(y). Calculate l(4).
-1
Let l(s) be the first derivative of s**3/3 + 3*s**2 - 5*s - 4. Let h be l(-6). Let u(t) = -3*t**2 + 7 + 4*t**2 + 7*t - 3. Determine u(h).
-6
Let z be (-12)/24*(1 + -1). Let k(w) be the third derivative of 0 + 1/24*w**4 + 0*w + z*w**3 - w**2. Give k(0).
0
Let u be (-2)/(-6) + (-34)/(-51). Let z(i) = 14*i**2 - 2*i + 1. Calculate z(u).
13
Let y(r) = -r**3 + r**2 - r + 1. Let p(w) = 11 - 2*w - 2*w**3 - 3 - 2*w**2 - 3*w. Let l(c) = p(c) - 3*y(c). Let s be (-18)/(-4) - 1 - (-3)/2. What is l(s)?
-5
Let c(s) be the first derivative of -s**5/120 + 3*s**4/8 - s**3/3 - 3. Let i(w) be the third derivative of c(w). Determine i(0).
9
Suppose -3*w + 2*n - 20 = 0, 3*w = -0*w + 4*n - 22. Let i(t) = -t**2 - 5*t - 9. Give i(w).
-15
Let b = 4 - 7/2. Let v(u) be the first derivative of 9*u + b*u**2 + 1. Determine v(-4).
5
Suppose -5*o + 15 = 0, 2*d + o = -o + 8. Let n(p) be the third derivative of -1/60*p**5 + 1/20*p**6 + 0*p + 0 + 1/24*p**4 + p**2 + 0*p**3. Calculate n(d).
6
Let k be ((-20)/(-25))/(2/25). Suppose -5*f - 3*s - 15 = -39, -2*f + k = s. Let o(u) = -u**3 + 7*u**2 - 6*u + 4. Calculate o(f).
4
Let r(f) = -f**3 + 6*f**2 - 4*f - 2. Suppose 5*z + 0*z = -3*u - 3, 0 = -3*z - 5*u - 5. Suppose -2*k + 5*k - 15 = z. What is r(k)?
3
Let g(d) = d + 2. Suppose w - 2*w = 0. Give g(w).
2
Suppose -2*n + 20 = 4*w + n, 0 = -2*w - 3*n + 16. Let l(p) be the third derivative of 1/6*p**4 - 1/60*p**5 + w*p**2 + 5/6*p**3 + 0 + 0*p. Determine l(5).
0
Let v(p) be the third derivative of p**7/2520 - p**6/720 - p**5/60 + 8*p**2. Let z(l) be the third derivative of v(l). Give z(2).
3
Let q(m) be the second derivative of -5*m**3/6 + m**2/2 - 5*m. Determine q(-1).
6
Let p(a) = 3*a**2 + 2. Let v be (-18)/((-6)/(-2))*1. Let r(k) = -k - 4. Let q be r(v). Give p(q).
14
Let p = 8 + -3. Let h(c) = -c + 1. What is h(p)?
-4
Let x(c) be the second derivative of 0 + 0*c**2 + 1/3*c**4 + 1/2*c**3 + 3*c. Give x(-2).
10
Suppose 0 = u - 0 - 0. Let f(b) be the third derivative of u + 2*b**2 - 1/24*b**4 - 1/30*b**5 - 1/6*b**3 - 1/120*b**6 + 0*b. Give f(-2).
1
Let g be (-2 - (-1 - 1)) + -2. Let b(s) = 6*s**3 + 16*s**2 + 10*s - 4. Let r(w) = 4*w**3 + 11*w**2 + 7*w - 3. Let u(k) = 5*b(k) - 7*r(k). What is u(g)?
-5
Let y(c) = -8*c + 5*c - 13 + 0*c. Give y(-9).
14
Let q = -17 - -10. Let v = 11 + q. Let l(s) = -s**2 + 7*s - 5. Calculate l(v).
7
Let r(h) = 8*h. Let p(b) = b**2 + 4*b - 5. Let v be p(-5). Suppose v = q + o, 3 = -0*o - 3*o. Suppose -4*t + 5*w = -q, 0 = -t - 5*w + 2 - 8. Determine r(t).
-8
Let k = -12 + 14. Let b(d) = 0*d + 50 + k*d - 45. Calculate b(4).
13
Let g(u) = -u**3 - 6*u**2 + 6*u - 10. Let m be (19 + -20)/((-2)/(-14)). Give g(m).
-3
Let w(z) = -24 + 21 + 2 + 17*z. Suppose 2*a = 3 - 1. Calculate w(a).
16
Let u(t) = 2 - t**2 + 3*t + t - t. Let x be u(3). Let o(b) = 2*b**2 + 0*b - 5*b - 2 - 3*b**x. Calculate o(-4).
2
Let n(l) = 2*l**2 - 5*l + 3. Suppose 0 = m + 4*r - 24, 52 = 4*m + 2*r + 12. Suppose -4*b + m*b = -48. Let s be b/(-2)*(-6)/(-12). What is n(s)?
6
Let y(s) be the third derivative of -s**5/60 + s**4/12 + 2*s**3/3 - 2*s**2. Let m be ((-2)/4)/((-7)/42). Calculate y(m).
1
Let k(v) = 4 - v - v + 12*v**3 - 3. Let u = -6 - -8. Suppose u*x = -x + 3. Give k(x).
11
Let o(u) = 4*u + 41 - 16 - 26. Determine o(-1).
-5
Let i(q) be the first derivative of 7*q**3/3 - q**2/2 - q + 4. Let u(m) = m**3 + 5*m**2 - 5*m + 5. Let v be u(-6). Give i(v).
7
Let z(c) = 5*c + 5 - c**2 - c + 1. Suppose 5*g - 5*o + 5 - 10 = 0, -4*g - 3*o + 39 = 0. Calculate z(g).
-6
Let x(q) = -q**2 + 2. Suppose 2 - 5 = -c. Calculate x(c).
-7
Let h(z) = -7 - z + 6*z + z + 0 + z**2. Let x(l) be the second derivative of l**4/6 + 11*l**3/6 - 13*l**2/2 - 3*l. Let k(u) = 11*h(u) - 6*x(u). What is k(3)?
-8
Let q(g) = 4 + 2*g**2 - 6*g + 3*g + 2*g - 3*g**2. Suppose -3*k + 4*n + 11 = 0, 0*k - 2 = 4*k + 3*n. Let w(z) = -3*z**2 - z. Let t be w(k). Calculate q(t).
-8
Let h(r) = -r**2 - 1. Let y(a) = -a**3 - 10*a**2 - 6*a + 5. Let w(g) = -3*h(g) + y(g). Give w(-6).
8
Suppose -5*b - 10 = 0, 4*b = 5*j - 0*j - 38. Let o be (j/(-4))/((-1)/(-2)). Let c(i) = 1 + i + i + 2*i + i**2. Give c(o).
-2
Let s(w) be the first derivative of -w -